e
Let m(b) = 3*b**2 - 8*b - 3. Let r be m(3). Suppose 2*d + r*d = -3*d. Suppose -2*j = -d*j - 7814. Is j composite?
False
Let o(m) = m**2 + 4*m**2 + 36*m - 2*m - m**2 - 1. Let a be 21/(14/(-8)*(-78)/91). Is o(a) prime?
True
Let s(t) = 199*t**2 + 2*t. Let u be s(-11). Suppose -4*a = -5*q + 73515, -4*a + u + 34719 = 4*q. Is q prime?
True
Let o(x) = 29*x**3 + 11*x**2 + 43*x - 777. Is o(11) a prime number?
False
Let f(g) = -33*g - 9 - 4 - 17. Let a be f(-6). Suppose -z + a = 25. Is z composite?
True
Is (3 + 18789/(-6))/((-28)/8 - -3) a prime number?
True
Let o(n) = 1225*n - 1219. Is o(8) composite?
False
Is (-5 + (-42)/(-12))/(9/(-379794)) prime?
True
Let d(v) = -326*v + 13. Let t = -15 + 50. Suppose 2*k + 4*x = 2*x, -5*k + 2*x = t. Is d(k) composite?
True
Let s = 54498 + -9547. Is s a composite number?
True
Let s = -25 - -103. Suppose 4*j + 9*j - s = 0. Suppose -5*r = -j*r + 541. Is r composite?
False
Let c = 1160 - 814. Suppose 0 = d - c - 73. Is d a prime number?
True
Let f be 1*9/((-27)/(-6)). Let c(n) = -n + 17*n**f + 0*n - 2*n + 8 - 5*n**2. Is c(5) a prime number?
True
Let l(g) = g + 1. Let x(y) = -112*y + 23. Let m(h) = 3*l(h) + x(h). Let p = -981 - -976. Is m(p) a prime number?
True
Suppose -181109663 = -65*b - 132*b + 30*b. Is b a prime number?
False
Let v be -7 + (-3479180)/(-50) + (-3)/5. Suppose 5*z - z - v = 5*n, -5*z = -3*n - 86983. Is z composite?
True
Suppose -1553 = -2*o + 5*y, -3*o - 5*y + 1543 = -o. Suppose 9981 = 9*c - o. Is c a prime number?
False
Suppose -2*b + 15305 = 3*z, -z = 4*b - 33181 + 2556. Let r = -4961 + b. Let p = 3813 - r. Is p composite?
False
Suppose 5*n = -5*w + 760945, 5*n - 5*w + 471710 = 1232595. Is n prime?
True
Let t = 4 + 1. Suppose 0 = -t*w + 4006 + 2844. Suppose -4*z = 3*l - 1349, 4*z - 2*l + 36 = w. Is z composite?
True
Let t = 1201 - 132. Suppose -6*f + t = -1091. Let k = f - 203. Is k a composite number?
False
Is (-530474)/(7 - 14) - -11 a composite number?
False
Let g(p) = -p**3 - 7*p**2 - 16*p - 3. Let r(w) = -18*w - 12. Let o be r(-4). Let a = 53 - o. Is g(a) a prime number?
True
Let y be -13*1*(14 - 15). Suppose -7*u + 21450 = -y*u. Let w = u - -5336. Is w a prime number?
False
Let h(y) = 1024*y**2 + 11*y + 2. Let p be h(-2). Suppose -6*n = -10*n + p. Is n a composite number?
False
Suppose 0 = -155*d + 197750 + 712565. Is d a composite number?
True
Suppose -38*n - 29724726 = -87281540. Is n prime?
False
Suppose -11 + 131 = g. Let u be (-2)/(-5) + (-48)/g. Suppose 3206 = 5*c - f, c + u*c + 3*f = 638. Is c a composite number?
False
Suppose -3*g + 2117 = 35027. Is (-28 - -27)/(1*2/g) prime?
False
Let u be 49*(-87 - -4) - -4. Let a be -21*41 + (-4)/((-20)/5). Let v = a - u. Is v prime?
True
Let u = 19128 + -8125. Is u a prime number?
True
Is 82564 + ((-2)/10)/(5/(-225)) a composite number?
True
Suppose -7780 = -p - 5*o, -3*o + 39000 = 5*p + 2*o. Let t = p + -2012. Is t a composite number?
True
Suppose -8*x = 656623 - 1767527. Is x composite?
False
Let j be (-54)/90 + (3100839/(-5))/(-3). Is j/123*3/2 a prime number?
True
Let h be 16/(-224) - (-6385)/14. Suppose 5*z + h = 36871. Is z a prime number?
True
Suppose 2*f = -5*k + 1136481, -2132*f + 35 = -2137*f. Is k a prime number?
True
Suppose 2234 = 23*f - 5563. Is f a composite number?
True
Let b(y) = -4*y**3 + y**2 - 3*y - 25. Let z(r) = -r**2 - 19*r + 17. Let n be z(-10). Let k = 101 - n. Is b(k) a composite number?
True
Let b(z) = 315*z**2 + 2. Let f(u) = -u**2 - 8*u - 4. Suppose -y - 3*a = -7*a + 19, a + 11 = -2*y. Let t be f(y). Is b(t) prime?
True
Let z be (5 - 1) + 48 - 4. Is (-4 - (-198)/48) + 467658/z a composite number?
False
Suppose 4*v - 38432 = -5*o + 34163, o = -4*v + 14535. Is o composite?
True
Suppose -64*n + 10198116 = 17*n + 27*n. Is n a composite number?
False
Let l be -1*8863/(-3 + 2 + 0). Suppose -11081 = -5*v + 3*m, 6*v - 2*v - 3*m = l. Suppose i + i = v. Is i a prime number?
True
Suppose 4*i - 1 = q, 5*q + 3*i + 35 = 3*q. Let p(x) = -1149*x + 124. Is p(q) prime?
True
Let p = 161832 - 80609. Is p a prime number?
True
Let y = 59015 + -14844. Is y a prime number?
True
Let a(s) = -3*s**3 - 6*s**2 + 60*s + 541. Let j be a(-10). Let k(u) = 195*u + 3. Let f be k(3). Let r = j + f. Is r a composite number?
True
Let w(c) = -97*c + 451177. Is w(0) a composite number?
False
Let k(i) = -12499*i - 9348. Is k(-7) prime?
False
Let t(i) = 2*i**3 - 3*i + 5. Let h(r) = 2*r**2 + 9*r. Let a be h(-5). Suppose a*l - 3*k + 5*k = 30, 4*l = -3*k + 24. Is t(l) composite?
False
Let q be (-7)/(2/(-7 + 1)). Suppose -q*w + 5811 = -18*w. Is w prime?
False
Suppose -q + 8*q - 112 = 0. Suppose 3*m + 0*m = -3*v, 3*m = v + q. Suppose m*h = 9*h - 805. Is h prime?
False
Let j(f) = -818*f - 81. Let o be j(-18). Suppose 3*d - 13252 = k - 4463, -o = -5*d - k. Is d a prime number?
False
Let r(n) = 38*n - 11. Suppose 3*d - 4*i = 6, d - 3*i - 5 + 3 = 0. Suppose -3*w - w = l - 26, w = 2*l + d. Is r(w) a prime number?
False
Suppose -5*k = -2*m - 638570, 46*k - 5*m - 127714 = 45*k. Let r = k - 79715. Is r a composite number?
True
Let a be 10/15*(-1)/2*-69. Is (-13547)/a*(0 - 1) prime?
False
Let i = 105607 - -53491. Is i composite?
True
Is ((-240)/15 - -18)/((-6)/(-77601)) a composite number?
False
Suppose 3*n + 871483 = 5*a, -26*a + 29*a = -n + 522901. Is a a composite number?
False
Let n = 99058 + 11989. Is n composite?
True
Is (608778/10)/1 - (-1)/(120/(-96)) prime?
False
Let s = 8 + -20. Let f be s/(-3) - (-1)/3*3. Suppose f*w = 3*o - 236, -4*w - 34 = -o + 47. Is o prime?
False
Let y(w) be the first derivative of 7/2*w**2 + 4/3*w**3 - 11 - 16*w. Is y(9) prime?
False
Let g(r) = -9*r**3 - 3*r**2 + r + 4. Let w(h) = h**2 + 3*h + 2. Let q be w(-1). Suppose q = 5*l + 18 + 7. Is g(l) prime?
True
Suppose 5*j = 5*p + 25, -5*j + 3*j = -p - 14. Suppose -4*n + 7*n = j. Suppose n*i = 115 + 212. Is i composite?
False
Suppose 0 = -93*q - 118*q + 23450329. Is q a composite number?
True
Suppose 584*q + 4*d - 809962 = 581*q, 4*d = 28. Is q prime?
False
Suppose -2*q + 37006 = -4*r + 3426, r + 3*q + 8381 = 0. Is (330/48 - 7) + r/(-8) a prime number?
True
Let x = 288924 + -172703. Is x composite?
True
Suppose 686880 + 1380133 = 2*k - 3*o, -3*k + o = -3100537. Is k a prime number?
False
Suppose 48*y = -55*y - 43*y + 2817362. Is y a prime number?
False
Suppose 4*o = 149842 + 212448 - 88694. Is o prime?
True
Suppose 2*i - 2870599 = -5*z, -25*i = -5*z - 24*i + 2870608. Is z prime?
False
Let a = 19 + 9. Let p = -1696 + 1728. Suppose -p*q + 1172 = -a*q. Is q a composite number?
False
Let c be 1*(-69)/(-12)*2*58. Suppose c - 4587 = -4*d. Suppose q + q - 397 = -3*b, -5*q - 5*b + d = 0. Is q prime?
True
Let g = 42267 + -20998. Is g a composite number?
False
Suppose 3*l + 19*j - 387103 = 17*j, -3*l + 387083 = -2*j. Is l composite?
True
Let v = 5390 + -1859. Let w = v - -11188. Is w prime?
False
Let u(x) = -4*x + 42. Let c be u(12). Let o(j) = -j**2 - 4*j + 17. Let d be o(c). Suppose -d*i + 613 - 98 = 0. Is i a prime number?
True
Suppose 0 = -0*r - 3*r + 5*l + 1042, 5*r - 1740 = 5*l. Let x = -136 + r. Is x a composite number?
True
Let s be (0/((-2)/2))/((-37)/37). Suppose 6352 - 1698 = 2*z + 4*p, s = z + 5*p - 2318. Is z prime?
True
Is (-118)/(-236)*(211205 + 1) a prime number?
False
Suppose 12743964 = 21*x - 4311375. Is x a prime number?
False
Suppose 0 = 6*x - 2555 - 85. Let w = x - 295. Is w a prime number?
False
Let p(l) = -44*l - 35. Let i be p(-8). Suppose 148 - 402 = -3*x + a, i = 4*x + 3*a. Suppose f - 48 = x. Is f a prime number?
True
Let o(v) be the third derivative of -v**6/120 + v**5/5 - 5*v**4/12 - 7*v**3/6 - 9*v**2. Let y be o(11). Suppose h - 543 = -r - r, 4*h - 2160 = y*r. Is h prime?
True
Suppose -100*v + 6802 = -99*v. Let o = v - 3248. Is o a composite number?
True
Let u = -4978 - -8229. Suppose -2*t = 421 - u. Is t a composite number?
True
Let m = -2082536 - 8828424. Is (m/64)/(-29) + (-2)/(-8) a prime number?
True
Let g = 37 - 148. Let h(j) = j**2 - 5*j + 4. Let c be h(1). Is ((-30)/9 + 3)*g + c a prime number?
True
Let c be (4 + -2)*25*(-944)/(-8). Let m = c + -2521. Is m a prime number?
False
Let y(w) = -7*w - 377. Let o be y(0). Let q = 1242 + o. Is q composite?
True
Suppose 409*z - 412*z = 5*y - 2009455, -z - 4*y + 669823 = 0. Is z composite?
True
Let l be (-33)/11*(-8)/(-3)